 5, what is -31400322 - -3?
-31400314
In base 12, what is 7518 + -6?
7512
In base 13, what is 9 + 4cbc?
4cc8
In base 14, what is -716c + -9?
-7177
In base 7, what is -31111 - -36?
-31042
In base 10, what is 2 + 25428?
25430
In base 11, what is 69 + -1072?
-1004
In base 4, what is -3 - -1001011?
1001002
In base 16, what is 2b5 + 3ec?
6a1
In base 9, what is 1 + 37267?
37268
In base 14, what is 1 - 115086?
-115085
In base 8, what is 12 - -3262?
3274
In base 15, what is -58b + -c?
-598
In base 5, what is -123224 - -1?
-123223
In base 10, what is -36122 + 15?
-36107
In base 10, what is 2 + 7197?
7199
In base 15, what is -36b6 - 4?
-36ba
In base 3, what is 201101102002 - 12?
201101101220
In base 3, what is 12 - -201002210022?
201002210111
In base 6, what is 541350 + 0?
541350
In base 16, what is -157a6 - -1?
-157a5
In base 2, what is -1000000101100 - 1010101?
-1000010000001
In base 11, what is 2 - 11781?
-1177a
In base 3, what is 220 - -2100211?
2101201
In base 12, what is 106 + -447?
-341
In base 8, what is 1347 + 1451?
3020
In base 4, what is 312 - 33133120?
-33132202
In base 7, what is 3 - -3461031?
3461034
In base 7, what is 6455 + -5?
6450
In base 6, what is 1434424 + -23?
1434401
In base 8, what is -564737 + -4?
-564743
In base 9, what is -223082 + 15?
-223066
In base 3, what is -12 + 10001021221?
10001021202
In base 5, what is -202 - 10310?
-11012
In base 12, what is b + 24899?
248a8
In base 3, what is -10020100011 + 11?
-10020100000
In base 9, what is -46 - -1632?
1575
In base 13, what is 45 + 26850?
26895
In base 16, what is -2 - 79b?
-79d
In base 9, what is 40443 - -20?
40463
In base 16, what is 529 + -82?
4a7
In base 7, what is -44112 + -145?
-44260
In base 16, what is 3 + -5b39?
-5b36
In base 6, what is -10035 + -5?
-10044
In base 10, what is 846 + -309?
537
In base 5, what is -130112 + -214?
-130331
In base 16, what is d - -2d32?
2d3f
In base 13, what is 2329 + -3?
2326
In base 4, what is 1 - 3233?
-3232
In base 16, what is -1c15 - b?
-1c20
In base 15, what is 34 + -22e0?
-22ab
In base 7, what is -604251 + -2?
-604253
In base 5, what is 114422301 + -2?
114422244
In base 4, what is 1 - 31003?
-31002
In base 8, what is -6674 + 36?
-6636
In base 8, what is -2535640 - 2?
-2535642
In base 4, what is 2012330 + 13?
2013003
In base 10, what is 4 - 15961?
-15957
In base 9, what is 1 + 643113?
643114
In base 5, what is 202 - -1222?
1424
In base 9, what is 2 - -356068?
356071
In base 10, what is 1 + -664702?
-664701
In base 7, what is -4543 + 162?
-4351
In base 11, what is 3299 + -260?
3039
In base 5, what is -144422 - -13?
-144404
In base 16, what is -1fc029 - -2?
-1fc027
In base 11, what is -319 - 49a?
-808
In base 6, what is -50012 - 412?
-50424
In base 11, what is -320 - 4?
-324
In base 8, what is -5410 + -44?
-5454
In base 13, what is 5 - -9553c?
95544
In base 11, what is 5219 - 6a6?
4623
In base 11, what is 44 + -2977a?
-29736
In base 4, what is -11 + -221130?
-221201
In base 6, what is -5 - -125311?
125302
In base 2, what is 11 + -10111100010010001?
-10111100010001110
In base 4, what is -3 - 30022111?
-30022120
In base 13, what is 4 + 30254?
30258
In base 9, what is -42 + -13480?
-13532
In base 2, what is 1 + 1010000110111001?
1010000110111010
In base 8, what is 15 + 172542?
172557
In base 12, what is -2877 + -7?
-2882
In base 13, what is 5 - 74c0?
-74b8
In base 15, what is -5 - 76b?
-771
In base 13, what is 5 - 1c2?
-1ba
In base 10, what is 1 + 197585?
197586
In base 14, what is 1 + 1387?
1388
In base 9, what is 1224142 + -1?
1224141
In base 2, what is -1001101111100100 + -110?
-1001101111101010
In base 9, what is -22 + -127?
-150
In base 15, what is -3ab0a + -2?
-3ab0c
In base 7, what is 2 + -4051?
-4046
In base 8, what is -211507 - -5?
-211502
In base 16, what is 1c55 - 3?
1c52
In base 9, what is -47 - 4355?
-4413
In base 11, what is 4 - a0a9?
-a0a5
In base 11, what is 23167 - 8?
2315a
In base 8, what is 3015 - -30?
3045
In base 10, what is -3123 - -3?
-3120
In base 7, what is -515 + -14?
-532
In base 8, what is -14763 + -12?
-14775
In base 3, what is 210 - 120210112?
-120202202
In base 6, what is -3 + 4340420?
4340413
In base 15, what is -5 - -9de82?
9de7c
In base 10, what is 106 - -43702?
43808
In base 6, what is -5202 - 10540?
-20142
In base 12, what is 4548 + 38b?
4917
In base 2, what is -100 + -10100110000101011?
-10100110000101111
In base 8, what is 1 - 3065?
-3064
In base 8, what is 1461 + 112?
1573
In base 12, what is 6b + -4a?
21
In base 2, what is -10111100 + 100010011000100?
100010000001000
In base 11, what is 5a28 - a?
5a19
In base 15, what is -7 + -17c64?
-17c6b
In base 12, what is -3 - 6bb61a?
-6bb621
In base 8, what is -241423 + 4?
-241417
In base 8, what is 3 + -4231506?
-4231503
In base 2, what is 11 - -1010010110001100111?
1010010110001101010
In base 14, what is -4 + -24056c?
-240572
In base 14, what is -1983 - -89?
-18d8
In base 8, what is -436632 - 2?
-436634
In base 9, what is 15313 + -6?
15306
In base 12, what is 40623 - -4?
40627
In base 11, what is 2 + 129424?
129426
In base 2, what is -100110111100010 - -1?
-100110111100001
In base 2, what is 10010000111111 - -100?
10010001000011
In base 10, what is -3 - -179196?
179193
In base 4, what is 1022331030 + 2?
1022331032
In base 9, what is 27081 + -2?
27078
In base 13, what is -6 - 518?
-521
In base 11, what is -4 + 505082?
505079
In base 7, what is 0 + 450?
450
In base 7, what is 2 - 231031?
-231026
In base 10, what is 78753 + -5?
78748
In base 14, what is 6 - 22b43?
-22b3b
In base 10, what is -935 - -2166?
1231
In base 3, what is 10010022200 + 11?
10010022211
In base 16, what is -e48d + 8?
-e485
In base 10, what is -9 - -67316?
67307
In base 3, what is -12 + 21010121202?
21010121120
In base 11, what is -1776 - -11?
-1765
In base 10, what is 3133 + 7?
3140
In base 8, what is -11 + -3322?
-3333
In base 6, what is -4 - -2135?
2131
In base 9, what is 1 + 720827?
720828
In base 7, what is 11 - -141164?
141205
In base 14, what is 23 - 96b4?
-9691
In base 11, what is -4353a - 12?
-43551
In base 5, what is -12 + -1141434?
-1142001
In base 5, what is -10 - -221010403?
221010343
In base 9, what is -70 + 21186?
21116
In base 11, what is 4987 + 0?
4987
In base 7, what is 332012 + 5?
332020
In base 16, what is a83da - 2?
a83d8
In base 9, what is 23 + 27?
51
In base 4, what is 1 + -2323210?
-2323203
In base 8, what is -2 + 22410?
22406
In base 10, what is 8417 - 28?
8389
In base 4, what is 123103 - 22233?
100210
In base 14, what is 6 + -14ddb?
-14dd5
In base 15, what is -4c + 662b?
65ce
In base 12, what is 5245 + -5?
5240
In base 16, what is 8b + 2eb2?
2f3d
In base 12, what is 191a - -1?
191b
In base 16, what is 31 - 293?
-262
In base 9, what is -5 - 13837?
-13843
In base 11, what is -2 + -26503?
-26505
In base 10, what is -45010 - -1?
-45009
In base 2, what is 1100001 + -1001100010?
-1000000001
In base 10, what is 2 - -4537?
4539
In base 11, what is -37 + 42?
6
In base 7, what is -210 + -232?
-442
In base 14, what is 405 - 159?
28a
In base 4, what is 120 - -1102013?
1102133
In base 5, what is 3 + -4223120?
-4223112
In base 10, what is -7 + 15422?
15415
In base 15, what is 2a - 294?
-269
In base 7, what is -102 + -64155?
-64260
In base 8, what is -253217 + 16?
-253201
In base 16, what is -5e2 + 15?
-5cd
In base 6, what is -32 - -4512000?
4511524
In base 9, what is 0 + -2075?
-2075
In base 10, what is 1 + 58121?
58122
In base 9, what is 20 + 23224?
23244
In base 6, what is -4304241 + 1?
-4304240
In base 6, what is -142 + -15041?
-15223
In base 13, what is 71 + 756a?
760b
In base 3, what is 210220212 + -2?
210220210
In base 5, what is -14014412 - -2?
-14014410
In base 6, what is -45145440 - 0?
-45145440
In base 5, what is 1134 - -2311?
4000
In base 7, what is -2152 + 13?
-2136
In base 6, what is 25 - -1401030?
1401055
In base 15, what is -3 + 655c?
6559
In base 13, what is -170c + -6a?
-1779
In base 12, what is 229 - -756?
983
In base 9, what is -1640 - 28?
-1668
In base 5, what is 4041 + 4230?
13321
In base 10, what is 9097 + 246?
9343
In base 2, what is 1011010001011 - 11?
1011010001000
In base 15, what is -1 - -4694a?
46949
In base 2, what is -110110 + -111001101110?
-111010100100
In base 2, what is 100 - 1010110010110011?
-1010110010101111
In base 3, what is -101 + 201002?
